(-8)). Let d(r) = r**2 - 4*r**2 + 0*r**s + 2*r**2 - 5*r - 1. What is d(-6)?
-7
Let c = -4 - -7. Let u(d) = 5 + 2 + 2*d**2 + 3*d - 4 - d**3 + 0. Give u(c).
3
Suppose 20 = -0*z + 4*z - 4*d, 0 = -2*d + 2. Let v(l) = 0*l**2 - 1 + l**2 - z*l + l**2 - l**2. What is v(5)?
-6
Suppose 6 = -0*g + 3*g. Let d(f) = -9*f + 2*f - 5 + 2*f**g - 2*f**2 - f**2. What is d(-5)?
5
Let m = 2 - 2. Let z(q) be the first derivative of -q + 3*q**2 + m*q**2 - 2 - 2*q**2. Determine z(3).
5
Suppose -h - 2*h = 2*x - 1, -5*h + 5*x = -35. Suppose -4*p = 8*u - h*u - 28, 4*u = 0. Let n = p + -7. Let s(w) = -w**3 + w**2 + w - 3. Determine s(n).
-3
Let g = -3 - 0. Let r(w) = -w**2 - 4*w - 2. Let u be r(g). Let x(k) = k - 1. Let s(j) = -2*j - 2. Let l(m) = -s(m) + 3*x(m). What is l(u)?
4
Let i(m) be the second derivative of m**3/6 + 2*m**2 + m. Let p be i(-4). Let g(u) = -u + 0*u - 3 + u**3 + 2*u. Calculate g(p).
-3
Let k = 3 + -6. Let c = k + 3. Let f(s) = s + 9. What is f(c)?
9
Let o = -2 + 2. Let j(a) = -2*a**2 + 3 + 91*a - 90*a + a**2. Give j(o).
3
Let h(g) be the second derivative of -g**5/20 - g**4/6 + g**3/6 + 9*g. Determine h(-2).
-2
Suppose 5*d - 2 - 3 = 0, 0 = 4*h - 2*d + 26. Let o(r) = r**2 + r. Give o(h).
30
Let d(u) = u**2 - 2*u - 5. Let t be d(4). Let q(k) = 2*k**2 - k + 2. What is q(t)?
17
Let c(j) = -2*j**2 - 1 + 6*j**2 - 2*j - 2 - 5*j + j**3. Give c(-5).
7
Let b(t) be the third derivative of -t**4/6 + 2*t**2. Give b(3).
-12
Let i be 4/(-14) - (-32)/14. Suppose -3*t - 184 = -4*a, i*t + 0*t + 119 = -a. Let o be (-6)/(-21) + t/14. Let d(z) = z**3 + 3*z**2 - 2*z + 3. Calculate d(o).
-5
Suppose 4*u + 16 = -16. Let g(t) = 2*t - 11. Let d(c) = 3*c - 16. Let y(w) = u*g(w) + 5*d(w). Determine y(4).
4
Let z be (1/(-3))/(4/(-168)). Let a = -8 + z. Let d(r) = r - 7. Let b(l) = l + 1. Let v(k) = b(k) + d(k). Determine v(a).
6
Let o(n) = -1409*n**3 + n - 7 + n**2 + 1408*n**3 + 4*n**2. Give o(5).
-2
Let o be -11 - -3 - -1*3. Let m(i) be the first derivative of -i**4/4 - 4*i**3/3 + 3*i**2 + i - 1. Calculate m(o).
-4
Let m(d) be the third derivative of -d**4/8 + 5*d**3/6 + d**2. Let y = -204 - -209. Determine m(y).
-10
Let m(z) = -z - 4*z - 16*z**2 + 17*z**2. Let g be m(5). Let x(o) = o**3 + 1 - 3 - o**2 + 5 + o. Give x(g).
3
Let o = -16 - -19. Let m(r) be the first derivative of 2*r**2 + 2 + 1/3*r**3 + o*r. Determine m(-4).
3
Let m(p) = 5*p + 0*p + 1 + p**2 - 4*p. Let f = -8 + 10. What is m(f)?
7
Let q(a) = -a - 8. Let k = 5 + -11. Calculate q(k).
-2
Suppose -49 = 4*w - 5*u, 4*u - 3*u = -2*w - 7. Let v(q) = -q**2 - 10*q - 5. What is v(w)?
19
Let p(y) = 6*y - 1. Let z(g) = g**2 + 9*g + 9. Let w(n) = 4*n**2 + 28*n + 28. Let b(a) = 2*w(a) - 7*z(a). Let f be b(8). Calculate p(f).
5
Suppose 13 - 43 = -2*z. Suppose i = -4*i + z. Let w(k) = -3*k + 2. Calculate w(i).
-7
Let o(p) = p**2 - 5*p. Let w(x) = -2*x + 1. Let b(n) = -n - 4. Let t be b(-6). Suppose 4*z + 10 = t*v, 1 = z - 0*z + 3*v. Let f be w(z). Calculate o(f).
0
Suppose l - 4*p = -13, 3*p = 13 - 4. Let y(b) be the third derivative of -b**6/20 + b**4/24 + b**3/6 + 9*b**2. Give y(l).
6
Let t(f) be the third derivative of 0*f**3 + 0*f + 1/6*f**4 + 0 + 6*f**2 + 1/10*f**5 + 1/120*f**6. Determine t(-5).
5
Let m(d) = -2 + d**2 + d + 4 + 8 - 2. Let a(p) = -p - 2. Let i be a(-2). Calculate m(i).
8
Let i(r) = r**3 + 5*r**2 - 5*r - 2. Let b = -5 - 1. What is i(b)?
-8
Suppose 0 = k - 2 - 0. Let i be (4 + 0)*k/(-4). Let j = -7 - i. Let g(o) = -o + 1. Calculate g(j).
6
Let j(b) = 7*b - 12*b + 6*b - 12. Calculate j(9).
-3
Let f(h) = 2*h**3 - 5*h**2 + 3*h - 17. Let c(v) = -3*v**3 + 8*v**2 - 5*v + 25. Let t(l) = 5*c(l) + 7*f(l). Determine t(4).
6
Let j(a) = a**3 - 5*a**2 - 5*a - 3. Let u be j(6). Let g = -7 - -12. Let r(l) = l**3 - 3 + g + u*l - 4*l**2 - l**2. Give r(4).
-2
Let m(h) = -10*h**2 + 1. Let p(c) = -4 + 3 + 0*c**2 + c - 3*c - c**2. Let x be p(-2). Determine m(x).
-9
Let o(l) = l**2 + 5*l + 3. Let j be o(-6). Let s be 8/(-36) + (-16)/j. Let w(q) = -6*q**2 + 2*q**2 + 3*q**2 + q**3 - 2*q. Determine w(s).
-8
Let l(d) = -d**2 + d + 11. Suppose -34 + 12 = -2*m. Let i = -11 + m. Determine l(i).
11
Suppose 2*o + 5*n = -31, 0*o - 4*n = -o + 17. Let y(g) = g. Let v(t) = 7*t + 4. Suppose 9 + 6 = 3*z. Let j(h) = z*y(h) - v(h). Calculate j(o).
2
Let g(u) = u**3 + 7*u**2 + 4*u - 3. Let a be 1/(((-3)/(-3))/(-5)). Give g(a).
27
Suppose 6*l = 5*l + 3, -2*u = l - 7. Suppose u*n - 8 = 2. Let a(x) = -4*x**3 + 5*x**3 - x - 6*x**2 + 4*x + x. Determine a(n).
-5
Suppose 5*f = -4*y - 54, 0 = 2*f - 4*f + 2*y - 18. Let p = -15 - f. Let n(t) = -t**2 - 5*t. Give n(p).
0
Suppose 0 = -0*f - f + 4. Suppose -3*n + 4*z - 4 = -5, -3 = -3*n + 3*z. Let d(p) = 2*p**3 + 2*p - 3*p**3 + 2*p**n + 4*p**2 - 2*p**3. Give d(f).
8
Let x(y) = -y**3 + 4*y**2 - 5*y + 2. Suppose 2*c + 2*c - 4 = 0. Let f be (4 + c)*(-6)/(-10). Calculate x(f).
-4
Let g(y) = -6*y**2 + 8*y + 5. Let a(n) = 7*n**2 - 8*n - 6. Let o(t) = 5*a(t) + 6*g(t). Determine o(8).
0
Suppose 6 + 19 = 5*f. Let a be 2/(-6) + f/(-3). Let p(h) = h**3 - h. Determine p(a).
-6
Let b = 7 + -5. Let n be 130/(-6) - (-2)/(-6). Let r(x) = 2*x - 3. Let v(s) = -7*s + 11. Let m(f) = n*r(f) - 6*v(f). Determine m(b).
-4
Let w be 4/(-3)*(-6)/(-4). Let p = w - -4. Let b(s) be the second derivative of -s**3/6 + s**2 + s. What is b(p)?
0
Let r(z) be the first derivative of z**4/4 + 2*z**3 + 5*z**2/2 + 7*z - 21. Let o be (5/2)/((-2)/4). What is r(o)?
7
Let p be ((-2)/6)/(1/(-15)). Let q(f) be the second derivative of -4*f + 2*f**2 + 1/20*f**p - 5/6*f**3 + 0 - 1/4*f**4. Determine q(4).
0
Let g(b) = 2*b**2 - 4*b. Suppose 6*r = r. Let w = 5 + -8. Let u = r - w. Give g(u).
6
Let q(p) = -p**3 + 5*p**2 - 2*p. Suppose x = -3*x - 3*g + 17, -5*x + 2*g = -27. Determine q(x).
-10
Suppose -5*j = -2*f - 68, 3*j + f - 29 = j. Let l be j/(-6) - (-8)/24. Let b(z) = -2*z. Determine b(l).
4
Let c(z) = 5*z**2 + 11*z - 7. Let x(q) = -6*q**2 - 12*q + 6. Let w(k) = 5*c(k) + 4*x(k). Let d be w(-8). Let o(l) = -l. Calculate o(d).
3
Suppose -4 = -3*h + 5. Let y(f) = 0*f**3 + f**2 + 4*f**3 - 2*f + 1 + 0*f**h. Determine y(1).
4
Let p(a) be the third derivative of -a**3 - a**2 + 0 + 1/24*a**4 + 0*a. Suppose 2*y - 7*y = 0. Determine p(y).
-6
Suppose g - 168 = -2*g. Let b(s) = -1 - 1 - g*s + 1 + 62*s. Determine b(1).
5
Let t(q) = q**2 - 6*q + 6. Let s(m) = m - 1. Let k(n) = 3*s(n) + t(n). What is k(2)?
1
Let z(s) = -s**2 + 5*s - 2. Let b be z(3). Let g = -10 + 12. Let o(i) = -3 - 2 + 4 + 6*i - i**g. Give o(b).
7
Let q(b) = -2*b**2 - 3*b - 3. Suppose -l = -4*l - 6. Let a be q(l). Let j(w) = w**2 + 3*w. Give j(a).
10
Let m(w) be the first derivative of w**3/3 + 3*w**2 + 4*w - 1. Let k(t) be the first derivative of m(t). Determine k(-4).
-2
Let x(s) be the third derivative of s**7/1680 + 3*s**5/20 - s**2. Let t(m) be the third derivative of x(m). Calculate t(2).
6
Suppose -13 = 3*i - 34. Let j(w) = -3 - i*w + 2 + 2*w - 2*w. Give j(1).
-8
Let t(j) = 8*j + 11. Let a(s) = -3*s - 4. Let i(w) = 11*a(w) + 4*t(w). Let u = 5 - -1. Let b be 26/(-6) - 4/u. What is i(b)?
5
Let c(s) = s**2 + 5*s + 4. Let g be c(-5). Let a be g/(-6) + 55/15. Let z(x) = 3*x - x**3 - 6 - a*x - 3*x + x**2 - 5*x**2. Calculate z(-4).
6
Let g(l) = 0*l**3 - l**3 - 4*l - 11*l**2 + 16*l**2 + 1. What is g(3)?
7
Let y(x) be the second derivative of x**5/30 + x**4/24 + 2*x**2 + 6*x. Let a(b) be the first derivative of y(b). Let g = -5 + 3. Give a(g).
6
Let s(h) = 4*h**3 + h**2 - 2*h + 1. Let p(z) = z + 11. Let f be p(-10). Give s(f).
4
Let r(y) be the first derivative of 3*y**2/2 + 4*y - 4. What is r(-3)?
-5
Suppose 2*w - 1 = w. Let a(f) = 7*f - 9*f + w - 2*f. Let b be (-1)/(2*2/8). Determine a(b).
9
Let n(t) be the third derivative of -t**6/120 + t**5/12 + 7*t**4/24 + t**3/3 - 6*t**2. What is n(6)?
8
Let b(p) = p**3 - p**2 + 2*p + 1. Let x = -68 - -70. Calculate b(x).
9
Let s(l) = -1. Let a(d) = 7*d**3 - 7. Let m(j) = a(j) - 6*s(j). What is m(1)?
6
Let b(z) = -z**3 - z**2 + 4*z + 0*z**2 - 2*z**2 + 1 + z**2. Let m = -12 + 21. Suppose -2*d = -3*w - m, w + d + 2*d + 3 = 0. Give b(w).
-2
Let w(a) = -a**2 - a + 3. Let t = -71 + 74. Give w(t).
-9
Suppose 0 = 2*x - 0*r + 5*r, 5*x = -4*r. Let u(n) = x - 3*n - 2*n + 6*n - 2. What is u(0)?
-2
Let m(d) = -d**3 - 6*d**2 + d - 6. Let w(z) = -z**3 - 5*z**2 + z - 6. Let f(s